 14 = 4*w - b. What is the units digit of w?
1
Let h be 6/4 - (-1)/2. Suppose -2*u + 8 = 4*l, -17 = -u - h*u - l. What is the units digit of u?
6
Let i be 1/(1*3/(-18)). Let g(k) = -k**3 - 7*k**2 - 6*k + 8. Let v be g(i). Let p = -6 + v. What is the units digit of p?
2
Suppose 4 = a + 1. Suppose a*w - 9 = 3. What is the units digit of w?
4
Let q(d) = d**3 - 5*d**2 + 3*d - 5. Suppose v - 4*c - 25 = 0, 4*v = -5*c - 1 - 4. Let z be q(v). What is the units digit of (-23)/(-5) + 4/z?
5
Suppose -4*p + t = 5*t - 4, -4*p = -3*t + 3. Suppose -4*c + c = p. What is the units digit of 8 - c/(1 - 3)?
8
Suppose 0*n + 12 = 3*n. What is the units digit of n?
4
Let q(z) = 2 - z**2 + 2*z**3 - 3*z**3 + 2*z + 0*z**2. Let l = -21 - -19. What is the units digit of q(l)?
2
Suppose -8 = -5*y + 7. Suppose 0 = -s + h, -3*s - y*h + 14 = h. Let l = 1 + s. What is the units digit of l?
3
Let f be 2 + 1 + (-2 - -2). Suppose 2 = -2*g - 4*v, g + 2*v + 2*v + f = 0. What is the units digit of g?
1
Suppose 0 = 3*b + 5 + 4. Let y be 1 + (-4 - (1 + -2)). What is the units digit of ((y - b)*-2)/(-2)?
1
Suppose 0 = -3*w + 3 - 6. Let h(q) = 4 - 10*q - 4. What is the tens digit of h(w)?
1
Suppose -10*y = -4*y - 96. What is the units digit of y?
6
Let j(i) = -i**3 + 8*i**2 + 7*i + 3. What is the tens digit of j(8)?
5
Let i = -4 - -2. Let q(m) = 4*m**2 - 1. Let p be q(i). Let c = p + -11. What is the units digit of c?
4
Suppose -5*u + 50 = p + 2, 4*p + 4*u - 208 = 0. What is the units digit of p?
3
Suppose 0 = -3*l - 5*j + 173, -j + 0 = -4. What is the units digit of l?
1
Let m be (15/7 + -3)*-7. Let z = m - 4. What is the units digit of (2/4)/(z/48)?
2
Let n be 2/1*(-1 + 2). Let d be 0*n/(-6) - -3. Suppose -o = 2*o - d. What is the units digit of o?
1
Suppose -2*r + f + 32 = 0, 0*r + 48 = 3*r - 5*f. What is the tens digit of r?
1
What is the tens digit of (5*1)/((-13)/(-65))?
2
Suppose 9 + 90 = 3*k. What is the tens digit of k?
3
Suppose -d = 2 - 5. What is the units digit of d?
3
Let u(c) = -c**3 + 7*c**2 + 9*c - 2. Let o be u(8). What is the units digit of o/9 - 13/(-3)?
5
What is the hundreds digit of (-3 - -7) + (-4 + 0 - -346)?
3
Let w = 19 - 17. What is the units digit of w?
2
Suppose 3 = -2*a + 1. Let p be a/(-3) - (-5)/3. Suppose 4*l - 8 = 0, p*l = -2*r - l + 48. What is the tens digit of r?
2
Let s(b) = b**3 - 6*b**2 - 7*b - 1. Let a be s(7). What is the units digit of a*(-3 - 2) + 2?
7
Suppose 0 = -o + 2 - 4. Let k(m) be the second derivative of -m**3/3 - m**2/2 - 3*m. What is the units digit of k(o)?
3
Suppose 5 + 10 = -5*j. Let m = j + 15. What is the tens digit of m?
1
Suppose 3*s = -3*s + 168. What is the tens digit of s?
2
Suppose -3*v - 5*v + 592 = 0. What is the units digit of v?
4
Suppose 5*h - 46 = 44. What is the tens digit of h?
1
Let c be 2*(4 - (-316)/(-8)). Let p = 109 + c. What is the units digit of p?
8
Let c = 57 + 281. What is the hundreds digit of c?
3
Let f = 573 - 262. What is the units digit of f?
1
Let t(k) be the third derivative of k**4/24 + 5*k**3/6 + 4*k**2. What is the tens digit of t(6)?
1
Suppose 2*p = -2*q + 3*q + 26, 58 = 4*p - 5*q. Suppose -k = -5*k + p. What is the units digit of k?
3
Suppose 5*s = 5*w - 0*w + 35, -3*w = 4*s. Suppose 2*r - 55 = -s*r. What is the units digit of r?
1
Let p = 6 - 3. Let m be -2*p/(-6) - -18. Suppose -m = -4*w + 21. What is the units digit of w?
0
Let g(p) = -19*p - 2. Let h be g(-2). Suppose -h = -2*w - 6. What is the tens digit of w?
1
Let x = 10 + -7. What is the units digit of x*-7*1/(-3)?
7
Let f(h) = -65*h - 42. What is the hundreds digit of f(-7)?
4
Let c(j) = -j**3 - 6*j**2 - j - 2. Let z be c(-6). Suppose -19 = -5*k + z*w, 11 - 3 = 4*k + 4*w. What is the units digit of k?
3
What is the units digit of (-35)/14*4/(-5)?
2
Let j be 4/(-8) - (-23)/2. Suppose -z + 13 = m, 2*z = 4*z - 3*m - j. What is the units digit of z?
0
Let w(p) = 2*p - 7. Let i be w(6). Suppose -6*f + 5*b - 25 = -f, 4*f + 17 = i*b. Let j = f - -17. What is the units digit of j?
9
What is the tens digit of (-1)/(1/(-65))*(-2 + 4)?
3
Let a(f) = -3*f. Let n(m) = m + 8. Let x be n(-7). Let w be 9/(3/(-1)) - x. What is the tens digit of a(w)?
1
Let h = -30 + 76. What is the tens digit of h?
4
What is the hundreds digit of (-33 - 104)*(2*-1)/2?
1
Suppose -n + 2*d = -2*d + 23, 3*d - 9 = -2*n. Let o be (-1)/n + 10/(-3). What is the units digit of 3 - (-1 - (-3)/o)?
5
Let i be 8*(-1 - 4/8). Let q(n) = -n + 17. What is the tens digit of q(i)?
2
Suppose -l - 2*l + 99 = 4*f, 2*l = -5*f + 66. What is the units digit of l?
3
Let u(b) = 2*b + 10. Let x = 6 + 1. Let h be u(x). Suppose -s - 5*m + h = 3*s, -4*m = -s - 15. What is the units digit of s?
1
Suppose 0*c = -3*x - c + 4, 5*c = -x - 22. Suppose 0*b = x*b + 21. What is the units digit of 8/(-28) + (-65)/b?
9
Suppose 0 = -4*o + 52 + 60. What is the units digit of o?
8
Let g be 6*1*(-4)/(-6). Suppose 1 = g*p - 35. What is the units digit of p?
9
Let u = 10 + -8. Let f be 1 + 1 - (0 - 1). Suppose -u*n - f*n + 5 = 0. What is the units digit of n?
1
Let y(x) = -x - 2. Let v be y(-5). What is the units digit of 3 - -2*v/6?
4
Let p(v) = v**2 + 8*v + 7. What is the tens digit of p(-12)?
5
Suppose 4*c - c - 282 = 0. What is the units digit of c?
4
Let p(b) = -b - 8. Let s be p(-6). Let h = 8 + s. What is the units digit of h?
6
Let l(x) = 9*x + 4*x**3 - 8 - 4 + 12*x**2 - 4 - 3*x**3. What is the units digit of l(-11)?
6
Let k be 7/(14/8)*2. Let t = k - -8. What is the units digit of t?
6
Let w = -20 + 18. Let f(k) = 15*k**3 - k**2 + 2*k - 1. Let l be f(1). Let g = w + l. What is the units digit of g?
3
Suppose -8*h + 279 + 769 = 0. What is the units digit of h?
1
Suppose -w + 2*l + 18 = 4*w, 5*l = -5*w - 10. Suppose w*u = -v + 53, 0*u - 4*u - 59 = -v. What is the units digit of v?
5
Let l(y) = 6*y. Let r be l(4). Let h = r + -17. Let u = 12 - h. What is the units digit of u?
5
Suppose 0*g - 2 = -2*g + n, 0 = -3*g - 4*n + 25. What is the units digit of g?
3
Suppose -3*u - 2*u - 90 = 0. Let t = -10 - u. What is the units digit of t?
8
Let l(b) = 6*b + 13. Let n be l(6). Suppose -2*u + n + 15 = 0. What is the tens digit of u?
3
Let s(d) = 2*d - 11. Let f(r) = -r + 11. Let l(t) = -5*f(t) - 4*s(t). What is the units digit of l(-8)?
3
Let t(k) = -k - 6. Let m be t(-8). What is the units digit of ((-3)/(-4))/(m/72)?
7
Let p(v) = 8*v**2 - 1. Let d be p(-1). Suppose 0 = 2*w - d*w + 10. Suppose 3*k + g = 12, -2*k = w*g + g - 8. What is the units digit of k?
4
Let o(t) = -t**2 + 9*t - 6. Let q be o(6). Let c(h) = h**2 - 8*h - 10. What is the tens digit of c(q)?
3
What is the tens digit of ((-5)/(-15))/(1/57)?
1
Let n(f) = f**2 + 6*f - 1. Let p be n(-5). Let v = p - -4. Let k = v + 15. What is the tens digit of k?
1
Let l = -34 - -87. What is the tens digit of l?
5
Let x = 45 - 72. Let r be (-2)/5 + x/(-5). Suppose 0 = -r*q + 2 + 33. What is the units digit of q?
7
Suppose 0 = -7*l + 207 + 38. What is the tens digit of l?
3
Suppose x + 2*s - 38 = 7*s, -5*x + 55 = 2*s. What is the tens digit of x?
1
Suppose -x + 66 = v - 0, 0 = -v - 2*x + 71. What is the tens digit of v?
6
Suppose -v - 4 = -2. What is the units digit of (-6)/v + (-5)/(-1)?
8
Let a be (1 - 2)*50/(-2). Suppose 4*s = -2*k + k - a, 0 = 5*s - 5*k. Let z(v) = -3*v - 6. What is the units digit of z(s)?
9
Let d(m) = -2*m - 3. Let i(l) = 2*l + 1. Let h be i(-2). Let x be d(h). Suppose 2*q + 3*q - 50 = 5*a, 0 = x*q - 4*a - 27. What is the tens digit of q?
1
Let y be ((-6)/(-8))/((-3)/(-12)). Suppose c - y = 1. Suppose -4*i - 28 = -4*p - 5*i, -c*i = p - 22. What is the units digit of p?
6
Let r(f) = -f**3 - 10*f**2 + 8*f + 16. What is the units digit of r(-11)?
9
Suppose -92 = 6*o - 10*o. What is the units digit of o?
3
Let o(c) = -c**2 + 2. Let x be o(-3). Let b(m) = -m - 3. What is the units digit of b(x)?
4
Suppose 9 = -5*a - 3*u, 5 + 11 = -2*a + 5*u. Let b(s) = -s - s + 2 + 1 - 2*s. What is the units digit of b(a)?
5
Suppose -4*i + 104 = -3*c - c, 0 = -2*i + c + 47. Let g = i + -13. What is the units digit of g?
8
Let u = 0 + 2. Suppose -x + 60 = u*x. What is the units digit of x?
0
Let i be (1 + (0 - -1))/(2/3). Let o = 53 + -27. Suppose 15 = -i*s, 2*s = 3*x - x - o. What is the units digit of x?
8
What is the tens digit of 14 - 2/(6/(-9))?
1
Suppose 2 +